 z**3 + 14*z**2 + 54*z + 87. Determine a(-9).
6
Let w(k) = k**2 - 92*k + 1993. Determine w(40).
-87
Let f(h) = -5*h**2 - 16*h + 161. What is f(6)?
-115
Let n(p) = 4597*p + 13813. Determine n(-3).
22
Let i(y) = y + 1. Determine i(2).
3
Let s(a) = 286*a**2 - 1146*a + 5. Determine s(4).
-3
Let i(b) = -b**3 + 6*b**2 + 6*b - 5. Give i(3).
40
Let w(s) = 207*s - 1255. Give w(6).
-13
Let w(c) = c**3 + 6*c**2 - 17*c + 5. Calculate w(-6).
107
Let h(n) = -192*n**2 - 729*n + 729. What is h(1)?
-192
Let j(q) = 20*q**3 - 3*q**2 - 11*q + 25. Calculate j(2).
151
Let z(a) = -45*a + 2769. Determine z(61).
24
Let x(z) = 3*z**2 + 13*z - 71. Determine x(-8).
17
Let u(w) = 3*w**3 - 53*w**2 + 76*w - 1679. Calculate u(18).
13
Let f(b) = -6*b**2 - 2701*b. Calculate f(0).
0
Let r(t) = -363*t + 1806. Calculate r(5).
-9
Let o(i) = i**3 + 2*i**2 - 14*i - 3. Calculate o(-4).
21
Let t(u) = u**3 + 9*u**2 - 26*u - 35. What is t(-11)?
9
Let t(d) = -68*d - 367. Give t(-5).
-27
Let d(a) = -a**3 + 63*a**2 - 128*a + 333. Determine d(61).
-33
Let y(u) = -304*u + 59570. Determine y(196).
-14
Let t(b) = b**3 - 11*b**2 - 7*b + 162. Determine t(10).
-8
Let b(i) = i**3 + 32*i**2 + 106*i + 542. Calculate b(-29).
-9
Let w(r) = -2*r**2 - 11*r + 3313. What is w(38)?
7
Let q(b) = b**3 + 10*b**2 + 523*b + 5234. Determine q(-10).
4
Let j(w) = w**3 - 35*w**2 + 195*w - 607. Determine j(29).
2
Let b(p) = -126*p - 11. Determine b(1).
-137
Let r(i) = 6*i**2 - 180*i - 51. Give r(30).
-51
Let i(q) = q**2 + 66*q + 320. Determine i(-61).
15
Let g(d) = d**2 - 209. Determine g(14).
-13
Let o(k) = -k**3 - 83*k**2 + 71*k - 1001. What is o(-84)?
91
Let j(l) = -l**3 - 31*l**2 + 20*l + 1487. What is j(-30)?
-13
Let v(u) = 26*u**3 + 6*u**2 + 13*u + 8. Calculate v(-1).
-25
Let l(h) = 74*h + 516. Calculate l(-7).
-2
Let t(u) = 313*u + 1253. Determine t(-4).
1
Let u(v) = -17*v + 382. Determine u(-16).
654
Let x(r) = 4*r**3 - 2*r**2 + 17*r + 8. What is x(4)?
300
Let n(l) = -47*l - 1235. Give n(-34).
363
Let w(h) = -h**3 - 18*h**2 - 55*h + 25. Determine w(-14).
11
Let k(w) = 2*w**2 - 114*w - 724. Determine k(-6).
32
Let o(q) = 192*q + 9408. Determine o(-49).
0
Let n(p) = -2*p**3 - 13*p**2 - 57*p - 366. Determine n(-8).
282
Let k(z) = 2*z**2 - 66*z + 542. Calculate k(15).
2
Let r(s) = -s**3 - 16*s**2 - 187*s - 2582. Determine r(-15).
-2
Let l(t) = -47*t**2 + 749*t + 15. What is l(16)?
-33
Let x(p) = 66*p + 2058. What is x(-29)?
144
Let i(s) = 442*s**2 - 3537*s + 8. Give i(8).
0
Let d(a) = 18*a - 61. Determine d(1).
-43
Let a(p) = 2*p**2 - 7*p - 14. What is a(7)?
35
Let u(z) = 134*z - 28139. Calculate u(210).
1
Let k(w) = -4*w**2 + 27*w + 79. Give k(13).
-246
Let n(p) = -2*p**2 - 207*p + 5728. Calculate n(-126).
58
Let o(w) = -32*w**2 - 108*w + 4. Give o(-3).
40
Let c(w) = 2*w**2 + 106*w - 584. Give c(-58).
-4
Let x(z) = -10*z**2 - 70*z - 8. Calculate x(-7).
-8
Let f(b) = -3*b**2 + 226*b - 4098. Calculate f(45).
-3
Let l(f) = -f + 11. Give l(4).
7
Let r(y) = 4896*y - 4912. Determine r(1).
-16
Let z(u) = 8*u + 94. Determine z(-17).
-42
Let s(l) = l**3 - 15*l**2 + 46*l + 14. Calculate s(10).
-26
Let v(r) = r**3 + 14*r**2 - 20*r - 2. Determine v(-12).
526
Let n(q) = q**3 + 6*q**2 - 144*q - 133. Determine n(10).
27
Let y(l) = -5*l**2 - 50*l + 28. Give y(-10).
28
Let d(m) = 3*m**2 + 133*m + 261. What is d(-43)?
89
Let o(l) = l**2 - 24*l + 184. Calculate o(15).
49
Let t(j) = -j**2 + 146. Give t(-7).
97
Let a(z) = 155*z + 547. What is a(-3)?
82
Let k(j) = 13*j**3 - 93*j**2 - 3*j + 7. Give k(7).
-112
Let k(n) = -n**3 - 90*n**2 - 174*n + 3. What is k(-2)?
-1
Let w(u) = -129*u - 2986. Calculate w(-23).
-19
Let n(c) = -83*c + 1594. Determine n(18).
100
Let b(m) = 9*m**2 + 14*m + 60. Calculate b(-4).
148
Let j(y) = 3*y**2 + 62*y + 600. Determine j(-14).
320
Let h(s) = 2*s**2 + 24*s - 168. Calculate h(6).
48
Let c(w) = -w**3 + 37*w**2 - 68*w - 54. Give c(35).
16
Let t(k) = -2*k - 73. What is t(-35)?
-3
Let t(d) = d**2 + 10*d - 65. Determine t(7).
54
Let p(k) = k**2 + 32*k - 331. What is p(8)?
-11
Let o(r) = r**3 - 25*r**2 + 30*r - 154. What is o(24)?
-10
Let d(r) = r**2 - 13*r + 66. Give d(7).
24
Let u(v) = 301*v - 1592. Determine u(5).
-87
Let a(o) = 7019*o - 28167. What is a(4)?
-91
Let l(o) = -o**3 - 48*o**2 - 47*o + 3. Determine l(-47).
3
Let q(r) = -5*r**2 - 5*r - 59. Determine q(-5).
-159
Let n(p) = 284*p - 1993. Determine n(7).
-5
Let f(v) = -v**2 - 61*v - 928. Give f(-34).
-10
Let f(b) = -124*b + 3119. What is f(25)?
19
Let l(x) = -2*x - 18. Determine l(-34).
50
Let j(t) = -t + 8. Calculate j(13).
-5
Let s(t) = -18*t + 282. Calculate s(16).
-6
Let v(d) = d**2 + 8*d + 45. Give v(-11).
78
Let j(a) = -a**2 + 26*a + 679. Calculate j(40).
119
Let c(s) = -2998*s + 125933. Determine c(42).
17
Let i(t) = -2*t**2 - 84*t - 27. Determine i(0).
-27
Let g(m) = -6*m - 116. Determine g(-16).
-20
Let b(g) = 7*g + 127. What is b(-22)?
-27
Let w(u) = 20*u**3 - 7*u - 6. What is w(-1)?
-19
Let i(v) = v**2 + 9*v - 6. What is i(-9)?
-6
Let l(z) = -753*z - 6848. Calculate l(-9).
-71
Let s(h) = -h**3 + 12*h**2 - 80*h + 201. Calculate s(4).
9
Let u(a) = -a**2 + 92*a + 591. Calculate u(-6).
3
Let q(p) = -2*p**2 - 15*p + 410. Calculate q(8).
162
Let x(d) = -3*d**2 + 1217*d + 4879. Determine x(-4).
-37
Let i(r) = -r**3 - 41*r**2 - 386*r + 168. What is i(-26)?
64
Let j(t) = -t**3 - 29*t**2 - 75*t + 92. Give j(-26).
14
Let z(x) = x**3 - 78*x**2 + 156*x - 106. Give z(76).
198
Let g(q) = 388*q - 264. Calculate g(0).
-264
Let j(q) = -q**2 - 14*q + 4. Calculate j(-15).
-11
Let n(k) = 160*k - 327. Calculate n(2).
-7
Let a(m) = 2*m**3 + 10*m**2 - 121*m - 698. Give a(8).
-2
Let n(g) = -62*g - 312. Calculate n(-4).
-64
Let w(o) = 2*o**3 + 169*o**2 + 79*o - 431. What is w(-84)?
-11
Let d(m) = 16*m - 303. Calculate d(21).
33
Let t(p) = p**2 - 36*p + 7. Calculate t(36).
7
Let t(j) = 9*j + 6. Calculate t(28).
258
Let s(o) = 1366*o - 1358. What is s(1)?
8
Let d(w) = 2*w**2 - 17*w - 17. Calculate d(10).
13
Let t(s) = s**3 - 57*s**2 + 102*s + 447. Determine t(55).
7
Let u(r) = 311*r - 1530. What is u(5)?
25
Let u(y) = 16*y - 44. Determine u(11).
132
Let u(r) = -r**2 + 42*r + 431. Give u(-9).
-28
Let g(k) = k**3 - 17*k**2 + 25*k + 428. Calculate g(9).
5
Let z(h) = 148*h - 6226. Give z(42).
-10
Let c(x) = -x**3 - 33*x**2 - 5*x - 103. Give c(-33).
62
Let r(y) = -130*y + 156. Calculate r(2).
-104
Let a(k) = -230*k + 1846. Determine a(8).
6
Let i(g) = 133*g - 12642. Calculate i(95).
-7
Let p(j) = -j**2 + 19*j + 3690. What is p(71)?
-2
Let x(a) = -a**3 - 117*a**2 - 2365*a + 42. What is x(-26)?
16
Let w(t) = -3*t**2 + 36*t + 244. What is w(-8)?
-236
Let w(f) = -f**3 - 14*f**2 + 85*f + 39. What is w(-18)?
-195
Let o(k) = -k**2 + 12*k - 12. What is o(6)?
24
Let v(c) = -13*c + 105. Calculate v(9).
-12
Let z(l) = -l**2 - 4*l. Calculate z(0).
0
Let y(v) = -v**3 + 4*v**2 + 39*v - 159. Calculate y(5).
11
Let y(x) = -5*x**2 + 61*x + 315. Determine y(-5).
-115
Let j(a) = 3*a**3 - 21*a**2 + 28*a - 143. Give j(8).
273
Let u(m) = -m**3 + 12*m**2 - 3826*m + 45919. Give u(12).
7
Let o(c) = -4*c**3 + 16*c**2 + 30*c - 106. Give o(4).
14
Let y(m) = 2*m**3 - 2*m**2 - 6. Calculate y(4).
90
Let z(h) = 6*h - 68. What is z(4)?
-44
Let o(h) = h**3 - 6*h**2 - 16*h - 74. Determine o(9).
25
Let n(t) = -t**3 + 136*t**2 + 448*t - 4343. Determine n(139).
-34
Let t(k) = -k**3 - 290*k**2 + 213*k - 22711. Determine t(-291).
-13
Let i(x) = x**3 - 47*x**2 - 91*x - 343. Give i(49).
0
Let c(k) = 2*k**3 + 13*k**2 + 104*k + 343. Calculate c(-4).
7
Let w(m) = -8*m**2 - 560*m + 565. What is w(-71)?
-3
Let b(n) = -n**2 + 28*n - 199. Give b(11).
-12
Let k(y) = -y**2 - 49*y - 231. Give k(-43).
27
Let w(m) = -922*m + 3680. What is w(4)?
-8
Let g(i) = -14*i + 212. Calculate g(20).
-68
Let d(n) = -64*n**2 + 643*n + 2. What is d(10)?
32
Let o(u) = u**2 + 11*u + 29. Determine o(-9).
11
Let n(t) = -t**2 - 76*t - 401. Give n(-6).
19
Let o(r) = -r**2 + 137*r - 4606. Determine o(60).
14
Let p(w) = -6*w**3 - 87*w**2 - 43*w - 3. What is p(-14)?
11
Let g(z) = 45*z - 9984. Calculate g(222).
6
Let x(w) = -119*w**2 + 1304*w + 26. Calculate x(11).
-29
Let d(q) = q**2 - 6*q - 9. Determine d(11).
46
Let u(q) = 15*q**3 + 3*q**2 + 81*q + 79. Determine u(-1).
-14
Let z(k) = -k**2 - 61*k + 398. What is z(-67)?
-4
Let s(a) = -2*a**3